nds digit of z?
1
Let d(y) = -4*y**3 - 17*y**2 - y + 11. Let z be d(-5). Suppose 0 = 3*j - z - 47. What is the tens digit of j?
4
Let v(g) = 19*g + 109. Let r be v(-7). What is the hundreds digit of 9/r + 232206/208?
1
Let y = 1370 + 4856. What is the thousands digit of y?
6
Let m(b) = 3*b**2 + 57*b - 45. Let o = -145 - -123. What is the hundreds digit of m(o)?
1
Let i(l) = l**3 + 4*l**2 - 38*l + 28. Let p(y) = 2*y**3 + 7*y**2 - 58*y + 42. Let s(f) = 8*i(f) - 5*p(f). What is the tens digit of s(-7)?
5
Suppose -15832 = -y + u, 60*u + 31671 = 2*y + 65*u. What is the units digit of y?
3
Let x(c) = -c + 6. Suppose 5*b + 7 = -3. Let f be x(b). Suppose -p + f*p = 350. What is the units digit of p?
0
Suppose 2*j = -p + 5, 0 = 2*j + j + 2*p - 10. Let o be (-9)/(-15) - (132/20 - j). What is the units digit of 611/3 - o/(-9)?
3
Let o = 24331 - 22033. What is the tens digit of o?
9
What is the ten thousands digit of 48578 + (7 - 8) + 1 + -2?
4
Let f = 7087 + -4790. Suppose f = 3*g + 557. What is the hundreds digit of g?
5
Suppose -83*y + 85*y = 2*o - 123108, 3*o = -y + 184690. What is the tens digit of o?
6
Suppose -21*m - 26 = -131. Suppose 15 = 3*t, 0*c = -c + m*t + 376. What is the tens digit of c?
0
Let n = -517 - -519. What is the units digit of 147*((-8 - -7) + n)?
7
Let v be 6 + 6/3 + 1. What is the thousands digit of (852 + -22)*(-2)/((-12)/v)?
1
Let q be (40/30)/(((-14)/4467)/(-7)). Suppose 5*n = -2*i + 1544 + 2175, 0 = -4*n - 3*i + q. What is the tens digit of n?
4
Let l(m) = 335*m + 1237. What is the tens digit of l(77)?
3
Let v(q) = q**2 + 5*q + 4. Let f be v(-4). Suppose f = -4*t + 3*o + 731, 4*t - 673 = -o + 70. What is the hundreds digit of t?
1
Let o = 7 + -7. Suppose 110 = 8*s - 3*s. What is the tens digit of (3 - o)*(3 + s)?
7
Let w = -82 - -86. Let t = 8 + -8. Suppose t*h - w*h + 48 = 0. What is the units digit of h?
2
Let k(q) = 5*q - 6. Let c be k(0). Let a be 4/(-14) + c/(-21) + 4. Suppose -3*y - a*s + 592 = 0, 0 = 4*y - s - 2*s - 756. What is the tens digit of y?
9
Let c(i) = 2266*i**2 + 34*i + 71. What is the thousands digit of c(-2)?
9
Let o(x) = x**2 - 4*x + 2. Let i be o(3). Let g(h) = -246*h + 1. Let d be g(i). Let z = 357 - d. What is the hundreds digit of z?
1
Let v be 10/6 + (1 - 8/12). Suppose 8*k - 480 = v*k. What is the units digit of k?
0
Suppose 11*y - 11699 = 379. Let i = y + -599. What is the tens digit of i?
9
What is the hundreds digit of (1230/(-9))/(60/(-11250))?
6
Suppose -39*o + 100906 = -64*o + 38*o. What is the hundreds digit of o?
7
Suppose -2*m - 3*r + 1872 = 0, -9*r + 14*r + 30 = 0. What is the hundreds digit of m?
9
Let v be (-9 - -9)/(-1 + 2 - 0). Let h(g) = 3*g - 270. Let p be h(v). Let b = -165 - p. What is the tens digit of b?
0
Suppose a + 8*a - 990 = 0. Suppose 0*i + 5*o + 125 = -5*i, 5*o - 127 = 4*i. Let m = a + i. What is the units digit of m?
2
Let d(g) = g**3 + 5*g**2 - 2*g + 7. Let u be d(-7). Let x = -214 - -168. Let l = x - u. What is the units digit of l?
1
What is the thousands digit of 1 - -24182 - (-6 + -5 + 9 + 2)?
4
Suppose -5*k + 2*n = -38087, 6520 = k + n - 1103. What is the hundreds digit of k?
6
Let i = -380 + 350. What is the units digit of ((-11696)/(-20))/(i/(-75))?
2
Suppose 9 = -3*v, 2*v + 2*v = u + 1008. Let d = -536 - u. Let y = -198 + d. What is the hundreds digit of y?
2
Suppose 1873 = 2*q + 525. Suppose 2*g = 2*i - 940, -3*g + 2*i - q = 738. What is the tens digit of (g/(-20))/((-1)/(-10))?
3
Suppose 95*i = 84*i - 13588 + 75045. What is the hundreds digit of i?
5
Suppose -7*g + 12*g + 16000 = 5*q, 5*g = -4*q + 12800. What is the thousands digit of q?
3
Suppose -2*i - 9 = 3*q, -5*q - 11*i + 16*i - 40 = 0. What is the hundreds digit of (-7)/(q - 2)*(275 - -2)?
2
What is the units digit of -46886*(-5*(-18)/60)/(-3)?
3
Let l be (-15)/3 - -4*(-6)/(-12). What is the hundreds digit of l - (30/(-45))/(2/534)?
1
Let j be 3 + (-8 - -9 - 0). What is the units digit of (-4 + j)/(-5) - -828?
8
Suppose -5516 = -5*u - s + 13206, -3*u + s = -11238. What is the tens digit of u?
4
Let a = -60 + 70. Let m be 2*(-4)/a - (-136)/20. Suppose 0 = m*g - 5*g - 20. What is the tens digit of g?
2
Let t(j) = -177*j - 163. Let o = -355 + 344. What is the tens digit of t(o)?
8
Let j = 31725 - 16968. What is the ten thousands digit of j?
1
Suppose -3*i = -12*i - 774. Let l = i - -98. Suppose 3*q + l = 0, 0*z + q = 4*z - 984. What is the hundreds digit of z?
2
Suppose 580608 = 75*o + 11*o - 5*o. What is the units digit of o?
8
Let c(p) = -7*p - 66. Let m be c(-9). What is the tens digit of ((-2)/2)/(m + 623/208)?
0
Suppose 5*h + 7*t - 71 = 3*t, t = -4*h + 59. Suppose 13 + 17 = h*s. Suppose 4*c + q - 605 = -s*q, -2*q - 762 = -5*c. What is the hundreds digit of c?
1
Let q be -2*2*(7 + -152 + 2). Suppose -2*s = 5*w - 299, 160 = 5*s - 3*w - q. What is the tens digit of s?
4
Let t(z) = 6*z + 27. Let a(f) = 32*f + 138. Let h(c) = 2*a(c) - 11*t(c). Let d(x) = x**3 - 10*x**2 + 6*x + 9. Let w be d(9). What is the tens digit of h(w)?
1
Let t(y) = -11*y**3 + 8*y**2 + 48*y + 176. What is the tens digit of t(-9)?
1
Suppose 15*v = 11*v - 212. Let m = 60 + v. Suppose -m*x + 14*x - 2163 = 0. What is the hundreds digit of x?
3
Let q(y) = 5*y + 5. Let d(f) = -9*f - 10. Let a(m) = 3*d(m) + 5*q(m). Let v be a(-4). What is the units digit of -9*22*v/(-6)?
9
Let h = 27064 + -12868. What is the ten thousands digit of h?
1
Suppose 0 = -237*d + 231*d + 44394. What is the thousands digit of d?
7
Suppose 20*r + 11781 = 87141. What is the hundreds digit of r?
7
Suppose 0 = 10*a + 3*a + 95069 - 433056. What is the tens digit of a?
9
What is the ten thousands digit of 65668/(-6)*456/(-304)?
1
Let x(s) = -20*s**2 - 173*s + s**3 + 347*s - 168*s + 15. Let n be x(22). Suppose -j = 5*l - 1115, 3*j - n = -5*l - 0*j. What is the tens digit of l?
2
Suppose -v - 224 = -3*z, -z + 4*v + 79 = 8*v. Suppose -86 = -2*g + 5*d, 3*d - 5*d + 129 = 3*g. Let x = g + z. What is the units digit of x?
8
Let d be (-7784)/(-49) - (-1)/7. Suppose -d = -2*t + 93. Suppose 2*c + t = r - c, 2*r - 252 = 3*c. What is the hundreds digit of r?
1
Suppose 0 = 2*a + f - 13535, 8*f + 13533 = 2*a + 11*f. Suppose -3*p + a = 6*p. What is the hundreds digit of p?
7
What is the units digit of ((-15735)/45)/((-3)/4*26/117)?
8
Let t be -5*2/(-5) - (0 - 2). Suppose -1146 = -t*s - 2*u - 0*u, -3*s - 3*u = -867. What is the tens digit of s?
8
Let p(l) = -3*l**3 + 11*l**2 - 76*l + 177. What is the units digit of p(-16)?
7
Suppose 0 = -3*l + 3 + 6. Suppose l*n - n - 18 = 0. Suppose q + 4 = n. What is the units digit of q?
5
Let k(f) = -f**3 + 16*f**2 + 69*f + 1. Let p be k(20). Let d = p + 624. What is the units digit of d?
5
Let l = 28 - 26. Suppose -l*c + 308 + 44 = 0. Suppose -25 + 176 = 4*g + d, -5*g + 3*d + c = 0. What is the units digit of g?
7
Let r(g) = g**3 + 5*g**2 + 5*g + 6. Let y be r(-4). Let i(f) = -3*f + 8 + f**3 - 3*f**y + 3 - 14. What is the units digit of i(4)?
1
Let l be (-2)/8 + (-1)/(-4). Let i be (3/(-12)*36/27)/((-12)/23796). Suppose 4*b = 5*s - l*s - i, -4*s - b = -512. What is the units digit of s?
9
Let h be -7 - 13 - 2*-2. What is the hundreds digit of h/(-12)*1 - 5793/(-9)?
6
What is the ten thousands digit of (-609749)/(-22) - (-183)/1342?
2
Suppose 1895*s = 1901*s - 90. Let i(l) = 3*l + 4. Let t be i(5). Suppose s*b + 164 = t*b. What is the units digit of b?
1
Let r(j) be the second derivative of -j**5/10 + 14*j**4/3 + 5*j**3/2 - 35*j**2/2 - 3*j + 2. What is the tens digit of r(28)?
8
Let o be (-190)/25 + 8 - (-159)/15. Suppose o*y - 36*y = -28050. What is the hundreds digit of y?
1
Let z be ((-10892)/(-126))/((-2)/(-18)). Suppose -i - 3*w + z = -0*i, 0 = -2*w. What is the tens digit of i?
7
Suppose 113*l - 122*l + 18 = 0. Suppose 0 = q + 4*k - 260, 2*q + l*k = -0*q + 532. What is the tens digit of q?
6
Let y = -125 - -145. Suppose 3906 = -6*f + y*f. What is the units digit of f?
9
Let d = -1219 + 2536. Let l be (-1116)/90 + (-4)/(-10). What is the tens digit of d/6 + l/8?
1
Let n be 2*(-1)/2 - 12/3. What is the hundreds digit of n/20 + (-1253)/(-4)?
3
Let z = 2445 + -1749. What is the hundreds digit of z?
6
Suppose -5*x + 8*x = 237. Let h = x - -63. Suppose 0 = -8*y + h + 834. What is the tens digit of y?
2
Suppose 5*i - 25245 = -3*q, -435*i + 437*i 